05090?
1105080
In base 7, what is 632246 - -363?
632642
In base 6, what is 14152124 - -340?
14152504
In base 7, what is 15250 - -21136?
36416
In base 14, what is 788 + 76d2?
807a
In base 5, what is -1031121 - -40020?
-441101
In base 13, what is 22422 - -40?
22462
In base 2, what is 11 - -11001111111011000000110001?
11001111111011000000110100
In base 10, what is 220569345 - -5?
220569350
In base 3, what is 211122211 + 10011?
211202222
In base 5, what is -100210 + -1104104?
-1204314
In base 5, what is 14100 - 41104304?
-41040204
In base 15, what is 3b + -45863?
-45827
In base 16, what is 4 + 5d8496?
5d849a
In base 2, what is -1010 - 1010110010101001011110?
-1010110010101001101000
In base 4, what is 330030 + -203130?
120300
In base 16, what is 1a02a - 49?
19fe1
In base 5, what is 32420411243 + -20?
32420411223
In base 6, what is -225003403052 + -1?
-225003403053
In base 11, what is 4053 - -45722?
49775
In base 15, what is 1 + -8eb923e?
-8eb923d
In base 4, what is 1131 + 120222120?
120223311
In base 7, what is 2 - 5241050556?
-5241050554
In base 4, what is 1302011113233 + -2?
1302011113231
In base 2, what is -10001110010 + -1000011111?
-11010010001
In base 9, what is 360273 - 3?
360270
In base 5, what is 3 - -13424131?
13424134
In base 5, what is -232 + 143340214?
143334432
In base 7, what is 51 + -106333246?
-106333165
In base 12, what is -40 - -3aa9a80?
3aa9a40
In base 16, what is 5 - 4fd2410?
-4fd240b
In base 3, what is -2210222022022 + 21?
-2210222022001
In base 4, what is 3302031 - 10223?
3231202
In base 9, what is -166 + -810460?
-810636
In base 2, what is -10000 - -10010000010100101101?
10010000010100011101
In base 6, what is 32025 + -33055?
-1030
In base 13, what is -204a + 9?
-2041
In base 11, what is a066112 - 1?
a066111
In base 3, what is -100212220 + -101122?
-101021112
In base 16, what is -373c36e + 4?
-373c36a
In base 15, what is -d + 31a044?
31a036
In base 2, what is -100 + -10001100000111011000?
-10001100000111011100
In base 8, what is 15 + -3070224?
-3070207
In base 10, what is 11229 + -22769?
-11540
In base 5, what is 121 - -3303232002?
3303232123
In base 4, what is -210 - -12010223030?
12010222220
In base 8, what is 2004 - 12743?
-10737
In base 15, what is -a - 229a746?
-229a751
In base 16, what is 24522 + -3bd?
24165
In base 12, what is -19939a5 - -5?
-19939a0
In base 7, what is 6 - -2205604?
2205613
In base 16, what is -82 - -26da?
2658
In base 5, what is 3120 + -1223031444?
-1223023324
In base 9, what is -6212 - -6183?
-18
In base 6, what is 135022 - -24313?
203335
In base 8, what is 24344 + -5272?
17052
In base 8, what is 14367726 - 4?
14367722
In base 15, what is 2 - 2b42c4a?
-2b42c48
In base 10, what is 52 + 709207?
709259
In base 9, what is -2866 + -81013?
-83880
In base 8, what is 1130 + 277266?
300416
In base 8, what is -1313 - 56346?
-57661
In base 11, what is -2951a8 + -130?
-295328
In base 3, what is 12 + 11212011021111202?
11212011021111221
In base 4, what is -323230 - -101122?
-222102
In base 8, what is 3020 - -110211?
113231
In base 12, what is -11b1842 - 20?
-11b1862
In base 13, what is 16 + -1b570b?
-1b56c5
In base 10, what is 2330 - 38383?
-36053
In base 15, what is 10 + 405b9d?
405bad
In base 2, what is -10001 + 1011000101010000011?
1011000101001110010
In base 12, what is 12772 - 2240?
10532
In base 10, what is 61 + 8718550?
8718611
In base 8, what is 15 - 120242335?
-120242320
In base 16, what is -4ab86 - 1b1?
-4ad37
In base 13, what is -4073cc6 - -4?
-4073cc2
In base 5, what is -2111322001 - 102?
-2111322103
In base 10, what is -3 + 25438727?
25438724
In base 14, what is -54a5358 + 5?
-54a5353
In base 2, what is 11100100 + -100000101101110011?
-100000101010001111
In base 4, what is 3021323 - 11?
3021312
In base 13, what is 181 + 261b86?
262037
In base 16, what is 4a - de74?
-de2a
In base 5, what is -130214410123 - 4?
-130214410132
In base 6, what is 2 - -330355520?
330355522
In base 13, what is 554a29 - a?
554a1c
In base 5, what is 1021010311 - 24?
1021010232
In base 5, what is 3 + -140103323014?
-140103323011
In base 5, what is -41 - -204121344?
204121303
In base 15, what is 50a9 + -561b?
-562
In base 11, what is 2a - -63533?
63562
In base 5, what is 24024320 - -1013?
24030333
In base 7, what is -6324222123 - 1?
-6324222124
In base 10, what is -2 - -141153?
141151
In base 6, what is 24045303104 + -3?
24045303101
In base 9, what is -2538 - -68416?
65767
In base 5, what is 0 - -11323022340?
11323022340
In base 9, what is -57051 - -403?
-56547
In base 15, what is 810b0 + -49?
81066
In base 11, what is 4 - -9809232?
9809236
In base 3, what is -2220110 - -2212012?
-1021
In base 14, what is -2bc85 - bd?
-2bd64
In base 10, what is -23208 - -7292?
-15916
In base 12, what is 68553 + 3a?
68591
In base 2, what is -10111001001000 - -1011110010001000?
1000111001000000
In base 12, what is 3 + 22491ab?
22491b2
In base 12, what is 366b6 + a57?
37551
In base 14, what is 170767 + -211?
170556
In base 4, what is -11201013 - 1110?
-11202123
In base 5, what is 2 + -4123113033?
-4123113031
In base 15, what is a + -4229da?
-4229d0
In base 14, what is -59 - -729d9?
72980
In base 6, what is 0 + 10142453511?
10142453511
In base 2, what is -1010011101011011 + -100?
-1010011101011111
In base 7, what is 2111 + -1033444?
-1031333
In base 9, what is 14283378 + -1?
14283377
In base 15, what is -802d2 - -4e?
-80283
In base 12, what is -732b3 + 15?
-7329a
In base 4, what is -132033033121123 + -1?
-132033033121130
In base 4, what is 21332 - -3002130022?
3002212020
In base 15, what is -50 - -17caa?
17c5a
In base 2, what is 110 + 101110101100010101010001?
101110101100010101010111
In base 14, what is 627899 - -5?
6278a0
In base 9, what is -8072461 - 1?
-8072462
In base 10, what is -97089 + 4882?
-92207
In base 12, what is -7a18174b - -1?
-7a18174a
In base 10, what is -12945 - -18169?
5224
In base 14, what is 80 + -ba4d5?
-ba455
In base 2, what is 1010010000000001110 - 100000?
1010001111111101110
In base 7, what is 0 - -21450464?
21450464
In base 10, what is 310399 + 1547?
311946
In base 15, what is -c - 2ae06d1?
-2ae06dd
In base 4, what is 20000303 + -2222?
13332021
In base 16, what is 8787 + 19aa?
a131
In base 13, what is 366c12a + 6?
366c133
In base 15, what is 26c0 - 2ea7?
-7d7
In base 12, what is 9a - 30854?
-30776
In base 4, what is 1313233122302 + 3?
1313233122311
In base 4, what is 303320 + 1132030?
2102010
In base 12, what is 1 + 77430b?
774310
In base 15, what is -136 + -11a9?
-12e0
In base 6, what is 13415044553 - 2?
13415044551
In base 10, what is -131144 - 18?
-131162
In base 14, what is -100a - -13657?
1264b
In base 16, what is -34f - -13bf?
1070
In base 6, what is 11524425 + 1402?
11530231
In base 4, what is -3 + -113010112233?
-113010112302
In base 13, what is -b4 + 10a9277?
10a9193
In base 7, what is 16 + -114552?
-114533
In base 13, what is 1 + -3513a368?
-3513a367
In base 14, what is -2 + -851bd08?
-851bd0a
In base 11, what is 4a713 - 2a6?
4a418
In base 10, what is 5 + 104178227?
104178232
In base 5, what is -201111203 + -413?
-201112121
In base 16, what is 5c3 - -16e7?
1caa
In base 5, what is 2 - 21320222433?
-21320222431
In base 9, what is 280413 + 2200?
282613
In base 7, what is 123625461 - 32?
123625426
In base 16, what is -61e8 - -7b?
-616d
In base 8, what is 247144 + -14755?
232167
In base 9, what is 10 + -21222?
-21212
In base 8, what is 456113 + 110?
456223
In base 8, what is 23056265 + -12?
23056253
In base 16, what is 836d62 + -5?
836d5d
In base 7, what is -4 - -515034?
515030
In base 11, what is 12 + -1951046?
-1951034
In base 10, what is -3462781 - -155?
-3462626
In base 4, what is 11 + 101132002000?
101132002011
In base 4, what is 1102103032113 - 33?
1102103032020
In base 6, what is 53225002233 + -3?
53225002230
In base 12, what is -777 - b247?
-ba02
In base 10, what is -5080 + 8594?
3514
In base 6, what is 103 + 1530043?
1530150
In base 8, what is 1745 + 474244?
476211
In base 10, what is -5 + -43622309?
-43622314
In base 5, what is 2430 - -23142422?
23200402
In base 6, what is 12310 - -434?
13144
In base 14, what is -9760a + -3b?
-97647
In base 2, what is 10001001101011110111011010 + -1010?
10001001101011110111010000
In base 14, what is -1859 + -1675?
-30d0
In base 16, what is 2b + -366b1?
-36686
In base 4,